CRAN Package Check Results for Package sourceR

Last updated on 2021-11-30 19:51:37 CET.

Flavor Version Tinstall Tcheck Ttotal Status Flags
r-devel-linux-x86_64-debian-clang 1.1.0 39.22 115.53 154.75 OK
r-devel-linux-x86_64-debian-gcc 1.1.0 32.50 80.79 113.29 OK
r-devel-linux-x86_64-fedora-clang 1.1.0 204.92 NOTE
r-devel-linux-x86_64-fedora-gcc 1.1.0 188.04 NOTE
r-devel-windows-x86_64-new-UL 1.1.0 65.00 186.00 251.00 OK
r-devel-windows-x86_64-new-TK 1.1.0 NOTE
r-devel-windows-x86_64-old 1.1.0 59.00 114.00 173.00 OK
r-patched-linux-x86_64 1.1.0 37.96 106.16 144.12 OK
r-patched-solaris-x86 1.1.0 212.00 NOTE
r-release-linux-x86_64 1.1.0 36.27 104.30 140.57 OK
r-release-macos-arm64 1.1.0 NOTE
r-release-macos-x86_64 1.1.0 NOTE
r-release-windows-ix86+x86_64 1.1.0 87.00 150.00 237.00 OK
r-oldrel-macos-x86_64 1.1.0 NOTE
r-oldrel-windows-ix86+x86_64 1.1.0 60.00 158.00 218.00 OK

Check Details

Version: 1.1.0
Check: dependencies in R code
Result: NOTE
    Namespaces in Imports field not imported from:
     ‘gtools’ ‘reshape2’
     All declared Imports should be used.
Flavors: r-devel-linux-x86_64-fedora-clang, r-devel-linux-x86_64-fedora-gcc, r-devel-windows-x86_64-new-TK, r-patched-solaris-x86, r-release-macos-arm64, r-release-macos-x86_64, r-oldrel-macos-x86_64

Version: 1.1.0
Check: installed package size
Result: NOTE
     installed size is 5.4Mb
     sub-directories of 1Mb or more:
     doc 1.9Mb
     libs 2.5Mb
Flavor: r-release-macos-arm64