CRAN Package Check Results for Package spBFA

Last updated on 2022-05-20 21:53:03 CEST.

Flavor Version Tinstall Tcheck Ttotal Status Flags
r-devel-linux-x86_64-debian-clang 1.1 245.40 102.64 348.04 OK
r-devel-linux-x86_64-debian-gcc 1.1 199.10 76.60 275.70 OK
r-devel-linux-x86_64-fedora-clang 1.1 502.63 NOTE
r-devel-linux-x86_64-fedora-gcc 1.1 458.23 OK
r-devel-windows-x86_64 1.1 178.00 142.00 320.00 OK
r-patched-linux-x86_64 1.1 211.39 94.62 306.01 OK
r-release-linux-x86_64 1.1 212.31 97.26 309.57 OK
r-release-macos-arm64 1.1 108.00 NOTE
r-release-macos-x86_64 1.1 142.00 NOTE
r-release-windows-x86_64 1.1 184.00 145.00 329.00 OK
r-oldrel-macos-arm64 1.1 125.00 NOTE
r-oldrel-macos-x86_64 1.1 203.00 NOTE
r-oldrel-windows-ix86+x86_64 1.1 596.00 150.00 746.00 NOTE

Check Details

Version: 1.1
Check: installed package size
Result: NOTE
     installed size is 10.3Mb
     sub-directories of 1Mb or more:
     data 2.3Mb
     libs 7.4Mb
Flavors: r-devel-linux-x86_64-fedora-clang, r-release-macos-arm64, r-release-macos-x86_64, r-oldrel-macos-arm64, r-oldrel-macos-x86_64, r-oldrel-windows-ix86+x86_64