CRAN Package Check Results for Package spFW

Last updated on 2024-03-02 19:50:31 CET.

Flavor Version Tinstall Tcheck Ttotal Status Flags
r-devel-linux-x86_64-debian-clang 0.1.0 77.57 62.12 139.69 NOTE
r-devel-linux-x86_64-debian-gcc 0.1.0 57.27 45.58 102.85 NOTE
r-devel-linux-x86_64-fedora-clang 0.1.0 206.03 NOTE
r-devel-linux-x86_64-fedora-gcc 0.1.0 190.65 NOTE
r-devel-windows-x86_64 0.1.0 60.00 89.00 149.00 NOTE
r-patched-linux-x86_64 0.1.0 74.90 59.67 134.57 NOTE
r-release-linux-x86_64 0.1.0 65.63 59.46 125.09 NOTE
r-release-macos-arm64 0.1.0 44.00 NOTE
r-release-macos-x86_64 0.1.0 82.00 NOTE
r-release-windows-x86_64 0.1.0 57.00 100.00 157.00 NOTE
r-oldrel-macos-arm64 0.1.0 47.00 OK
r-oldrel-windows-x86_64 0.1.0 77.00 98.00 175.00 OK

Check Details

Version: 0.1.0
Check: C++ specification
Result: NOTE Specified C++11: please drop specification unless essential Flavors: r-devel-linux-x86_64-debian-clang, r-devel-linux-x86_64-debian-gcc, r-devel-linux-x86_64-fedora-clang, r-devel-linux-x86_64-fedora-gcc, r-devel-windows-x86_64, r-patched-linux-x86_64, r-release-linux-x86_64, r-release-macos-arm64, r-release-macos-x86_64, r-release-windows-x86_64