Last updated on 2023-01-28 19:52:28 CET.
Flavor | Version | Tinstall | Tcheck | Ttotal | Status | Flags |
---|---|---|---|---|---|---|
r-devel-linux-x86_64-debian-clang | 0.1.0 | 4.23 | 35.76 | 39.99 | OK | |
r-devel-linux-x86_64-debian-gcc | 0.1.0 | 3.38 | 27.50 | 30.88 | OK | |
r-devel-linux-x86_64-fedora-clang | 0.1.0 | 49.78 | NOTE | |||
r-devel-linux-x86_64-fedora-gcc | 0.1.0 | 49.66 | NOTE | |||
r-patched-linux-x86_64 | 0.1.0 | 3.77 | 35.52 | 39.29 | OK | |
r-release-linux-x86_64 | 0.1.0 | 3.04 | 35.61 | 38.65 | OK | |
r-release-macos-arm64 | 0.1.0 | 21.00 | NOTE | |||
r-release-macos-x86_64 | 0.1.0 | 27.00 | NOTE | |||
r-release-windows-x86_64 | 0.1.0 | 22.00 | 63.00 | 85.00 | OK | |
r-oldrel-macos-arm64 | 0.1.0 | 25.00 | NOTE | |||
r-oldrel-macos-x86_64 | 0.1.0 | 30.00 | NOTE | |||
r-oldrel-windows-ix86+x86_64 | 0.1.0 | 11.00 | 66.00 | 77.00 | OK |
Version: 0.1.0
Check: data for non-ASCII characters
Result: NOTE
Note: found 199 marked UTF-8 strings
Flavors: r-devel-linux-x86_64-fedora-clang, r-devel-linux-x86_64-fedora-gcc, r-release-macos-arm64, r-release-macos-x86_64, r-oldrel-macos-arm64, r-oldrel-macos-x86_64