CRAN Package Check Results for Package spaMM

Last updated on 2021-11-26 20:49:49 CET.

Flavor Version Tinstall Tcheck Ttotal Status Flags
r-devel-linux-x86_64-debian-clang 3.9.25 195.59 287.98 483.57 OK
r-devel-linux-x86_64-debian-gcc 3.9.25 162.77 217.45 380.22 OK
r-devel-linux-x86_64-fedora-clang 3.9.25 576.36 NOTE
r-devel-linux-x86_64-fedora-gcc 3.9.25 621.83 OK
r-devel-windows-x86_64-new-UL 3.9.25 264.00 392.00 656.00 OK
r-devel-windows-x86_64-new-TK 3.9.25 OK
r-devel-windows-x86_64-old 3.9.25 174.00 375.00 549.00 OK
r-patched-linux-x86_64 3.9.25 190.08 283.74 473.82 OK
r-patched-solaris-x86 3.9.25 594.40 OK
r-release-linux-x86_64 3.9.25 OK
r-release-macos-arm64 3.9.25 NOTE
r-release-macos-x86_64 3.9.25 NOTE
r-release-windows-ix86+x86_64 3.9.25 405.00 299.00 704.00 NOTE
r-oldrel-macos-x86_64 3.9.25 NOTE
r-oldrel-windows-ix86+x86_64 3.9.25 406.00 403.00 809.00 NOTE

Check Details

Version: 3.9.25
Check: installed package size
Result: NOTE
     installed size is 36.6Mb
     sub-directories of 1Mb or more:
     R 2.1Mb
     libs 33.4Mb
Flavors: r-devel-linux-x86_64-fedora-clang, r-release-macos-arm64, r-release-macos-x86_64, r-release-windows-ix86+x86_64, r-oldrel-macos-x86_64, r-oldrel-windows-ix86+x86_64