CRAN Package Check Results for Package spacesXYZ

Last updated on 2022-01-15 20:00:14 CET.

Flavor Version Tinstall Tcheck Ttotal Status Flags
r-devel-linux-x86_64-debian-clang 1.1-1 4.63 52.88 57.51 OK
r-devel-linux-x86_64-debian-gcc 1.1-1 3.41 41.32 44.73 OK
r-devel-linux-x86_64-fedora-clang 1.1-1 72.75 NOTE
r-devel-linux-x86_64-fedora-gcc 1.1-1 61.42 OK
r-devel-windows-x86_64-new-UL 1.1-1 49.00 93.00 142.00 OK
r-devel-windows-x86_64-new-TK 1.1-1 OK
r-patched-linux-x86_64 1.1-1 3.66 51.15 54.81 OK
r-release-linux-x86_64 1.1-1 3.71 51.09 54.80 OK
r-release-macos-arm64 1.1-1 OK
r-release-macos-x86_64 1.1-1 OK
r-release-windows-ix86+x86_64 1.1-1 8.00 73.00 81.00 OK
r-oldrel-macos-x86_64 1.1-1 OK
r-oldrel-windows-ix86+x86_64 1.1-1 8.00 71.00 79.00 OK

Check Details

Version: 1.1-1
Check: Rd cross-references
Result: NOTE
    Undeclared package ‘colorSpec’ in Rd xrefs
Flavor: r-devel-linux-x86_64-fedora-clang