CRAN Package Check Results for Package spacyr

Last updated on 2021-12-04 19:53:12 CET.

Flavor Version Tinstall Tcheck Ttotal Status Flags
r-devel-linux-x86_64-debian-clang 1.2.1 10.20 86.42 96.62 OK
r-devel-linux-x86_64-debian-gcc 1.2.1 8.01 67.02 75.03 OK
r-devel-linux-x86_64-fedora-clang 1.2.1 125.16 NOTE
r-devel-linux-x86_64-fedora-gcc 1.2.1 115.09 NOTE
r-devel-windows-x86_64-new-UL 1.2.1 19.00 116.00 135.00 OK
r-devel-windows-x86_64-new-TK 1.2.1 NOTE
r-devel-windows-x86_64-old 1.2.1 16.00 75.00 91.00 OK
r-patched-linux-x86_64 1.2.1 9.71 74.15 83.86 OK
r-release-linux-x86_64 1.2.1 9.15 74.72 83.87 OK
r-release-macos-arm64 1.2.1 NOTE
r-release-macos-x86_64 1.2.1 NOTE
r-release-windows-ix86+x86_64 1.2.1 21.00 99.00 120.00 OK
r-oldrel-macos-x86_64 1.2.1 NOTE
r-oldrel-windows-ix86+x86_64 1.2.1 22.00 101.00 123.00 OK

Check Details

Version: 1.2.1
Check: data for non-ASCII characters
Result: NOTE
     Note: found 1 marked UTF-8 string
Flavors: r-devel-linux-x86_64-fedora-clang, r-devel-linux-x86_64-fedora-gcc, r-devel-windows-x86_64-new-TK, r-release-macos-arm64, r-release-macos-x86_64, r-oldrel-macos-x86_64