CRAN Package Check Results for Package sparcl

Last updated on 2024-05-23 21:50:55 CEST.

Flavor Version Tinstall Tcheck Ttotal Status Flags
r-devel-linux-x86_64-debian-clang 1.0.4 3.19 34.78 37.97 OK
r-devel-linux-x86_64-debian-gcc 1.0.4 2.65 26.27 28.92 OK
r-devel-linux-x86_64-fedora-clang 1.0.4 49.42 NOTE
r-devel-linux-x86_64-fedora-gcc 1.0.4 48.25 NOTE
r-devel-windows-x86_64 1.0.4 5.00 47.00 52.00 OK
r-patched-linux-x86_64 1.0.4 2.65 33.25 35.90 OK
r-release-linux-x86_64 1.0.4 2.81 33.85 36.66 OK
r-release-macos-arm64 1.0.4 20.00 OK
r-release-windows-x86_64 1.0.4 5.00 45.00 50.00 OK
r-oldrel-macos-arm64 1.0.4 19.00 OK
r-oldrel-macos-x86_64 1.0.4 28.00 OK
r-oldrel-windows-x86_64 1.0.4 6.00 48.00 54.00 OK

Check Details

Version: 1.0.4
Check: compiled code
Result: NOTE File ‘sparcl/libs/sparcl.so’: Found no calls to: ‘R_registerRoutines’, ‘R_useDynamicSymbols’ It is good practice to register native routines and to disable symbol search. See ‘Writing portable packages’ in the ‘Writing R Extensions’ manual. Flavors: r-devel-linux-x86_64-fedora-clang, r-devel-linux-x86_64-fedora-gcc