Last updated on 2025-01-24 19:48:41 CET.
Flavor | Version | Tinstall | Tcheck | Ttotal | Status | Flags |
---|---|---|---|---|---|---|
r-devel-linux-x86_64-debian-clang | 1.0.4 | 2.98 | 27.23 | 30.21 | OK | |
r-devel-linux-x86_64-debian-gcc | 1.0.4 | 2.37 | 20.78 | 23.15 | OK | |
r-devel-linux-x86_64-fedora-clang | 1.0.4 | 48.93 | NOTE | |||
r-devel-linux-x86_64-fedora-gcc | 1.0.4 | 49.87 | NOTE | |||
r-devel-windows-x86_64 | 1.0.4 | 6.00 | 47.00 | 53.00 | OK | |
r-patched-linux-x86_64 | 1.0.4 | 2.84 | 26.00 | 28.84 | OK | |
r-release-linux-x86_64 | 1.0.4 | 2.76 | 25.76 | 28.52 | OK | |
r-release-macos-arm64 | 1.0.4 | 20.00 | OK | |||
r-release-macos-x86_64 | 1.0.4 | 34.00 | OK | |||
r-release-windows-x86_64 | 1.0.4 | 5.00 | 45.00 | 50.00 | OK | |
r-oldrel-macos-arm64 | 1.0.4 | 19.00 | OK | |||
r-oldrel-macos-x86_64 | 1.0.4 | 28.00 | OK | |||
r-oldrel-windows-x86_64 | 1.0.4 | 6.00 | 48.00 | 54.00 | OK |
Version: 1.0.4
Check: compiled code
Result: NOTE
File ‘sparcl/libs/sparcl.so’:
Found no calls to: ‘R_registerRoutines’, ‘R_useDynamicSymbols’
It is good practice to register native routines and to disable symbol
search.
See ‘Writing portable packages’ in the ‘Writing R Extensions’ manual.
Flavors: r-devel-linux-x86_64-fedora-clang, r-devel-linux-x86_64-fedora-gcc