CRAN Package Check Results for Package sparkbq

Last updated on 2022-05-27 21:51:34 CEST.

Flavor Version Tinstall Tcheck Ttotal Status Flags
r-devel-linux-x86_64-debian-clang 0.1.1 8.40 70.66 79.06 NOTE
r-devel-linux-x86_64-debian-gcc 0.1.1 5.88 53.12 59.00 NOTE
r-devel-linux-x86_64-fedora-clang 0.1.1 96.02 NOTE
r-devel-linux-x86_64-fedora-gcc 0.1.1 90.58 NOTE
r-devel-windows-x86_64 0.1.1 14.00 85.00 99.00 NOTE
r-patched-linux-x86_64 0.1.1 5.74 66.42 72.16 NOTE
r-release-linux-x86_64 0.1.1 6.01 66.51 72.52 NOTE
r-release-macos-arm64 0.1.1 26.00 NOTE
r-release-macos-x86_64 0.1.1 44.00 NOTE
r-release-windows-x86_64 0.1.1 16.00 84.00 100.00 NOTE
r-oldrel-macos-arm64 0.1.1 29.00 NOTE
r-oldrel-macos-x86_64 0.1.1 48.00 NOTE
r-oldrel-windows-ix86+x86_64 0.1.1 18.00 80.00 98.00 NOTE

Check Details

Version: 0.1.1
Check: LazyData
Result: NOTE
     'LazyData' is specified without a 'data' directory
Flavors: r-devel-linux-x86_64-debian-clang, r-devel-linux-x86_64-debian-gcc, r-devel-linux-x86_64-fedora-clang, r-devel-linux-x86_64-fedora-gcc, r-devel-windows-x86_64, r-patched-linux-x86_64, r-release-linux-x86_64, r-release-macos-arm64, r-release-macos-x86_64, r-release-windows-x86_64, r-oldrel-macos-arm64, r-oldrel-macos-x86_64, r-oldrel-windows-ix86+x86_64