CRAN Package Check Results for Package sparktf

Last updated on 2022-05-28 21:50:52 CEST.

Flavor Version Tinstall Tcheck Ttotal Status Flags
r-devel-linux-x86_64-debian-clang 0.1.0 7.43 73.64 81.07 NOTE
r-devel-linux-x86_64-debian-gcc 0.1.0 6.20 55.50 61.70 NOTE
r-devel-linux-x86_64-fedora-clang 0.1.0 98.28 NOTE
r-devel-linux-x86_64-fedora-gcc 0.1.0 95.00 NOTE
r-devel-windows-x86_64 0.1.0 14.00 93.00 107.00 NOTE
r-patched-linux-x86_64 0.1.0 6.03 69.98 76.01 NOTE
r-release-linux-x86_64 0.1.0 5.46 69.56 75.02 NOTE
r-release-macos-arm64 0.1.0 26.00 NOTE
r-release-macos-x86_64 0.1.0 46.00 NOTE
r-release-windows-x86_64 0.1.0 16.00 91.00 107.00 NOTE
r-oldrel-macos-arm64 0.1.0 30.00 NOTE
r-oldrel-macos-x86_64 0.1.0 50.00 NOTE
r-oldrel-windows-ix86+x86_64 0.1.0 20.00 84.00 104.00 NOTE

Check Details

Version: 0.1.0
Check: LazyData
Result: NOTE
     'LazyData' is specified without a 'data' directory
Flavors: r-devel-linux-x86_64-debian-clang, r-devel-linux-x86_64-debian-gcc, r-devel-linux-x86_64-fedora-clang, r-devel-linux-x86_64-fedora-gcc, r-devel-windows-x86_64, r-patched-linux-x86_64, r-release-linux-x86_64, r-release-macos-arm64, r-release-macos-x86_64, r-release-windows-x86_64, r-oldrel-macos-arm64, r-oldrel-macos-x86_64, r-oldrel-windows-ix86+x86_64