CRAN Package Check Results for Package sparrpowR

Last updated on 2021-06-20 21:49:24 CEST.

Flavor Version Tinstall Tcheck Ttotal Status Flags
r-devel-linux-x86_64-debian-clang 0.2.1 18.27 214.36 232.63 NOTE
r-devel-linux-x86_64-debian-gcc 0.2.1 16.30 159.16 175.46 NOTE
r-devel-linux-x86_64-fedora-clang 0.2.1 299.09 NOTE
r-devel-linux-x86_64-fedora-gcc 0.2.1 281.75 NOTE
r-devel-windows-x86_64 0.2.1 30.00 259.00 289.00 NOTE
r-devel-windows-x86_64-gcc10-UCRT 0.2.1 NOTE
r-patched-linux-x86_64 0.2.1 25.15 202.80 227.95 NOTE
r-patched-solaris-x86 0.2.1 527.00 ERROR
r-release-linux-x86_64 0.2.1 18.70 203.90 222.60 NOTE
r-release-macos-arm64 0.2.1 NOTE
r-release-macos-x86_64 0.2.1 NOTE
r-release-windows-ix86+x86_64 0.2.1 49.00 254.00 303.00 NOTE
r-oldrel-macos-x86_64 0.2.1 OK

Check Details

Version: 0.2.1
Check: LazyData
Result: NOTE
     'LazyData' is specified without a 'data' directory
Flavors: r-devel-linux-x86_64-debian-clang, r-devel-linux-x86_64-debian-gcc, r-devel-linux-x86_64-fedora-clang, r-devel-linux-x86_64-fedora-gcc, r-devel-windows-x86_64, r-devel-windows-x86_64-gcc10-UCRT, r-patched-linux-x86_64, r-patched-solaris-x86, r-release-linux-x86_64, r-release-macos-arm64, r-release-macos-x86_64, r-release-windows-ix86+x86_64

Version: 0.2.1
Check: tests
Result: ERROR
     Running ‘spelling.R’
     Running ‘testthat.R’ [186s/297s]
    Running the tests in ‘tests/testthat.R’ failed.
    Complete output:
     > library(testthat)
     > library(sparrpowR)
     Loading required package: spatstat.geom
     Loading required package: spatstat.data
     spatstat.geom 2.2-0
     Loading required package: spatstat.core
     Loading required package: nlme
     Loading required package: rpart
     spatstat.core 2.2-0
     Loading required package: spatstat.linnet
     spatstat.linnet 2.1-1
     Loading required package: spatstat
    
     spatstat 2.1-0 (nickname: 'Comedic violence')
     For an introduction to spatstat, type 'beginner'
    
    
     Welcome to {sparrpowR} version 0.2.1
     > help("sparrpowR") # for documentation
     > citation("sparrpowR") # for how to cite
    
     >
     > test_check("sparrpowR")
    
    
    
     ══ Skipped tests ═══════════════════════════════════════════════════════════════
     • On CRAN (1)
    
     ══ Failed tests ════════════════════════════════════════════════════════════════
     ── Error (test-jitter_power.R:63:3): jitter_power works ────────────────────────
     Error: Cluster setup failed. 2 of 2 workers failed to connect.
     Backtrace:
     █
     1. ├─testthat::expect_named(...) test-jitter_power.R:63:2
     2. │ └─testthat::quasi_label(enquo(object), label, arg = "object")
     3. │ └─rlang::eval_bare(expr, quo_get_env(quo))
     4. └─sparrpowR::jitter_power(...)
     5. └─future::plan(multisession, workers = n_core)
     6. └─future:::plan_set(...)
     7. └─future:::plan_init()
     8. └─future:::evaluator(...)
     9. └─future:::strategy(..., envir = envir, workers = workers)
     10. └─future::MultisessionFuture(...)
     11. └─future::ClusterFuture(...)
     12. ├─base::do.call(...)
     13. └─(function (future, workers = NULL, ...) ...
     14. └─future:::ClusterRegistry("start", workers = workers, ...)
     15. └─future:::makeCluster(workers, ...)
     16. └─parallelly::makeClusterPSOCK(workers, ...)
     ── Error (test-test-spatial_power.R:195:3): spatial_power works ────────────────
     Error: Cluster setup failed. 2 of 2 workers failed to connect.
     Backtrace:
     █
     1. ├─testthat::expect_named(...) test-test-spatial_power.R:195:2
     2. │ └─testthat::quasi_label(enquo(object), label, arg = "object")
     3. │ └─rlang::eval_bare(expr, quo_get_env(quo))
     4. └─sparrpowR::spatial_power(...)
     5. └─future::plan(multisession, workers = n_core)
     6. └─future:::plan_set(...)
     7. └─future:::plan_init()
     8. └─future:::evaluator(...)
     9. └─future:::strategy(..., envir = envir, workers = workers)
     10. └─future::MultisessionFuture(...)
     11. └─future::ClusterFuture(...)
     12. ├─base::do.call(...)
     13. └─(function (future, workers = NULL, ...) ...
     14. └─future:::ClusterRegistry("start", workers = workers, ...)
     15. └─future:::makeCluster(workers, ...)
     16. └─parallelly::makeClusterPSOCK(workers, ...)
    
     [ FAIL 2 | WARN 0 | SKIP 1 | PASS 22 ]
     Error: Test failures
     Execution halted
Flavor: r-patched-solaris-x86