CRAN Package Check Results for Package sparseEigen

Last updated on 2021-12-07 19:49:59 CET.

Flavor Version Tinstall Tcheck Ttotal Status Flags
r-devel-linux-x86_64-debian-clang 0.1.0 2.71 132.74 135.45 NOTE
r-devel-linux-x86_64-debian-gcc 0.1.0 2.19 104.22 106.41 NOTE
r-devel-linux-x86_64-fedora-clang 0.1.0 170.04 NOTE
r-devel-linux-x86_64-fedora-gcc 0.1.0 183.27 NOTE
r-devel-windows-x86_64-new-UL 0.1.0 6.00 164.00 170.00 NOTE
r-devel-windows-x86_64-new-TK 0.1.0 NOTE
r-devel-windows-x86_64-old 0.1.0 4.00 119.00 123.00 NOTE
r-patched-linux-x86_64 0.1.0 2.23 133.28 135.51 NOTE
r-release-linux-x86_64 0.1.0 2.51 130.39 132.90 NOTE
r-release-macos-arm64 0.1.0 NOTE
r-release-macos-x86_64 0.1.0 NOTE
r-release-windows-ix86+x86_64 0.1.0 6.00 163.00 169.00 NOTE
r-oldrel-macos-x86_64 0.1.0 OK
r-oldrel-windows-ix86+x86_64 0.1.0 5.00 153.00 158.00 OK

Check Details

Version: 0.1.0
Check: LazyData
Result: NOTE
     'LazyData' is specified without a 'data' directory
Flavors: r-devel-linux-x86_64-debian-clang, r-devel-linux-x86_64-debian-gcc, r-devel-linux-x86_64-fedora-clang, r-devel-linux-x86_64-fedora-gcc, r-devel-windows-x86_64-new-UL, r-devel-windows-x86_64-new-TK, r-devel-windows-x86_64-old, r-patched-linux-x86_64, r-release-linux-x86_64, r-release-macos-arm64, r-release-macos-x86_64, r-release-windows-ix86+x86_64