Last updated on 2023-12-09 19:54:26 CET.
Flavor | Version | Tinstall | Tcheck | Ttotal | Status | Flags |
---|---|---|---|---|---|---|
r-devel-linux-x86_64-debian-clang | 0.4.1 | 14.68 | 146.60 | 161.28 | NOTE | |
r-devel-linux-x86_64-debian-gcc | 0.4.1 | 14.32 | 108.73 | 123.05 | NOTE | |
r-devel-linux-x86_64-fedora-clang | 0.4.1 | 201.80 | NOTE | |||
r-devel-linux-x86_64-fedora-gcc | 0.4.1 | 202.37 | NOTE | |||
r-devel-windows-x86_64 | 0.4.1 | 15.00 | 113.00 | 128.00 | NOTE | |
r-patched-linux-x86_64 | 0.4.1 | 20.66 | 140.61 | 161.27 | NOTE | |
r-release-linux-x86_64 | 0.4.1 | 12.94 | 137.15 | 150.09 | NOTE | |
r-release-macos-arm64 | 0.4.1 | 60.00 | NOTE | |||
r-release-macos-x86_64 | 0.4.1 | 75.00 | NOTE | |||
r-release-windows-x86_64 | 0.4.1 | 21.00 | 136.00 | 157.00 | NOTE | |
r-oldrel-macos-arm64 | 0.4.1 | 55.00 | OK | |||
r-oldrel-macos-x86_64 | 0.4.1 | 94.00 | OK | |||
r-oldrel-windows-x86_64 | 0.4.1 | 21.00 | 135.00 | 156.00 | OK |
Version: 0.4.1
Check: package subdirectories
Result: NOTE
Problems with news in ‘NEWS.md’:
No news entries found.
Flavors: r-devel-linux-x86_64-debian-clang, r-devel-linux-x86_64-debian-gcc, r-devel-linux-x86_64-fedora-clang, r-devel-linux-x86_64-fedora-gcc, r-devel-windows-x86_64, r-patched-linux-x86_64, r-release-linux-x86_64, r-release-macos-arm64, r-release-macos-x86_64, r-release-windows-x86_64