CRAN Package Check Results for Package sparseLTSEigen

Last updated on 2021-05-05 22:51:51 CEST.

Flavor Version Tinstall Tcheck Ttotal Status Flags
r-devel-linux-x86_64-debian-clang 0.2.0.1 82.85 83.29 166.14 OK
r-devel-linux-x86_64-debian-gcc 0.2.0.1 58.28 63.17 121.45 OK
r-devel-linux-x86_64-fedora-clang 0.2.0.1 231.36 NOTE
r-devel-linux-x86_64-fedora-gcc 0.2.0.1 210.09 NOTE
r-devel-windows-ix86+x86_64 0.2.0.1 185.00 4.00 189.00 ERROR
r-devel-windows-x86_64-gcc10-UCRT 0.2.0.1 OK
r-patched-linux-x86_64 0.2.0.1 69.03 80.62 149.65 OK
r-patched-solaris-x86 0.2.0.1 234.90 OK
r-release-linux-x86_64 0.2.0.1 61.01 78.73 139.74 OK
r-release-macos-x86_64 0.2.0.1 NOTE
r-release-windows-ix86+x86_64 0.2.0.1 134.00 113.00 247.00 OK
r-oldrel-macos-x86_64 0.2.0.1 NOTE
r-oldrel-windows-ix86+x86_64 0.2.0.1 161.00 106.00 267.00 OK

Check Details

Version: 0.2.0.1
Check: installed package size
Result: NOTE
     installed size is 16.1Mb
     sub-directories of 1Mb or more:
     libs 16.0Mb
Flavors: r-devel-linux-x86_64-fedora-clang, r-release-macos-x86_64, r-oldrel-macos-x86_64

Version: 0.2.0.1
Check: compiled code
Result: NOTE
    File ‘sparseLTSEigen/libs/sparseLTSEigen.so’:
     Found no calls to: ‘R_registerRoutines’, ‘R_useDynamicSymbols’
    
    It is good practice to register native routines and to disable symbol
    search.
    
    See ‘Writing portable packages’ in the ‘Writing R Extensions’ manual.
Flavors: r-devel-linux-x86_64-fedora-clang, r-devel-linux-x86_64-fedora-gcc

Version: 0.2.0.1
Check: whether package can be installed
Result: ERROR
    Installation failed.*
Flavor: r-devel-windows-ix86+x86_64