CRAN Package Check Results for Package sparseMVN

Last updated on 2021-09-21 21:51:07 CEST.

Flavor Version Tinstall Tcheck Ttotal Status Flags
r-devel-linux-x86_64-debian-clang 0.2.1.1 7.19 81.98 89.17 OK
r-devel-linux-x86_64-debian-gcc 0.2.1.1 5.44 64.50 69.94 OK
r-devel-linux-x86_64-fedora-clang 0.2.1.1 117.02 OK
r-devel-linux-x86_64-fedora-gcc 0.2.1.1 105.53 OK
r-devel-windows-x86_64 0.2.1.1 9.00 84.00 93.00 OK
r-devel-windows-x86_64-gcc10-UCRT 0.2.1.1 ERROR
r-patched-linux-x86_64 0.2.1.1 6.02 80.35 86.37 OK
r-patched-solaris-x86 0.2.1.1 160.50 OK
r-release-linux-x86_64 0.2.1.1 5.87 79.67 85.54 OK
r-release-macos-arm64 0.2.1.1 OK
r-release-macos-x86_64 0.2.1.1 OK
r-release-windows-ix86+x86_64 0.2.1.1 17.00 81.00 98.00 OK
r-oldrel-macos-x86_64 0.2.1.1 OK
r-oldrel-windows-ix86+x86_64 0.2.1.1 16.00 83.00 99.00 OK

Check Details

Version: 0.2.1.1
Check: whether package can be installed
Result: WARN
    Found the following significant warnings:
     WARNING: installation-time patches will not be applied, could not get the patches index
Flavor: r-devel-windows-x86_64-gcc10-UCRT

Version: 0.2.1.1
Check: PDF version of manual
Result: WARN
    LaTeX errors when creating PDF version.
    This typically indicates Rd problems.
Flavor: r-devel-windows-x86_64-gcc10-UCRT

Version: 0.2.1.1
Check: PDF version of manual without hyperrefs or index
Result: ERROR
    Re-running with no redirection of stdout/stderr.
Flavor: r-devel-windows-x86_64-gcc10-UCRT