CRAN Package Check Results for Package sparsevb

Last updated on 2024-03-03 19:56:36 CET.

Flavor Version Tinstall Tcheck Ttotal Status Flags
r-devel-linux-x86_64-debian-clang 0.1.0 91.41 85.39 176.80 NOTE
r-devel-linux-x86_64-debian-gcc 0.1.0 69.19 63.61 132.80 NOTE
r-devel-linux-x86_64-fedora-clang 0.1.0 245.07 NOTE
r-devel-linux-x86_64-fedora-gcc 0.1.0 253.65 NOTE
r-devel-windows-x86_64 0.1.0 71.00 100.00 171.00 NOTE
r-patched-linux-x86_64 0.1.0 93.17 82.19 175.36 NOTE
r-release-linux-x86_64 0.1.0 100.25 82.08 182.33 NOTE
r-release-macos-arm64 0.1.0 62.00 NOTE
r-release-macos-x86_64 0.1.0 104.00 NOTE
r-release-windows-x86_64 0.1.0 87.00 115.00 202.00 NOTE
r-oldrel-macos-arm64 0.1.0 56.00 OK
r-oldrel-windows-x86_64 0.1.0 86.00 114.00 200.00 OK

Check Details

Version: 0.1.0
Check: C++ specification
Result: NOTE Specified C++11: please drop specification unless essential Flavors: r-devel-linux-x86_64-debian-clang, r-devel-linux-x86_64-debian-gcc, r-devel-linux-x86_64-fedora-clang, r-devel-linux-x86_64-fedora-gcc, r-devel-windows-x86_64, r-patched-linux-x86_64, r-release-linux-x86_64, r-release-macos-arm64, r-release-macos-x86_64, r-release-windows-x86_64