CRAN Package Check Results for Package sparsevb

Last updated on 2025-01-25 19:48:59 CET.

Flavor Version Tinstall Tcheck Ttotal Status Flags
r-devel-linux-x86_64-debian-clang 0.1.0 8.88 1.70 10.58 ERROR
r-devel-linux-x86_64-debian-gcc 0.1.1 41.04 49.27 90.31 OK
r-devel-linux-x86_64-fedora-clang 0.1.0 94.00 ERROR
r-devel-linux-x86_64-fedora-gcc 0.1.1 228.88 OK
r-devel-windows-x86_64 0.1.0 10.00 6.00 16.00 ERROR
r-patched-linux-x86_64 0.1.0 7.17 1.75 8.92 ERROR
r-release-linux-x86_64 0.1.0 8.19 1.68 9.87 ERROR
r-release-macos-arm64 0.1.0 52.00 NOTE
r-release-macos-x86_64 0.1.1 142.00 OK
r-release-windows-x86_64 0.1.0 56.00 91.00 147.00 ERROR
r-oldrel-macos-arm64 0.1.0 62.00 NOTE
r-oldrel-macos-x86_64 0.1.0 104.00 NOTE
r-oldrel-windows-x86_64 0.1.1 58.00 115.00 173.00 OK

Check Details

Version: 0.1.0
Check: whether package can be installed
Result: ERROR Installation failed. Flavors: r-devel-linux-x86_64-debian-clang, r-devel-linux-x86_64-fedora-clang, r-devel-windows-x86_64, r-patched-linux-x86_64, r-release-linux-x86_64, r-release-windows-x86_64

Version: 0.1.0
Check: C++ specification
Result: NOTE Specified C++11: please drop specification unless essential Flavors: r-release-macos-arm64, r-oldrel-macos-arm64, r-oldrel-macos-x86_64