CRAN Package Check Results for Package spass

Last updated on 2024-05-22 21:54:26 CEST.

Flavor Version Tinstall Tcheck Ttotal Status Flags
r-devel-linux-x86_64-debian-clang 1.3 40.38 121.48 161.86 NOTE
r-devel-linux-x86_64-debian-gcc 1.3 23.92 87.98 111.90 NOTE
r-devel-linux-x86_64-fedora-clang 1.3 205.13 NOTE
r-devel-linux-x86_64-fedora-gcc 1.3 206.87 NOTE
r-devel-windows-x86_64 1.3 30.00 118.00 148.00 NOTE
r-patched-linux-x86_64 1.3 30.21 114.17 144.38 NOTE
r-release-linux-x86_64 1.3 24.95 112.17 137.12 NOTE
r-release-macos-arm64 1.3 47.00 NOTE
r-release-windows-x86_64 1.3 31.00 118.00 149.00 NOTE
r-oldrel-macos-arm64 1.3 60.00 NOTE
r-oldrel-macos-x86_64 1.3 91.00 NOTE
r-oldrel-windows-x86_64 1.3 39.00 146.00 185.00 NOTE

Check Details

Version: 1.3
Check: LazyData
Result: NOTE 'LazyData' is specified without a 'data' directory Flavors: r-devel-linux-x86_64-debian-clang, r-devel-linux-x86_64-debian-gcc, r-devel-linux-x86_64-fedora-clang, r-devel-linux-x86_64-fedora-gcc, r-devel-windows-x86_64, r-patched-linux-x86_64, r-release-linux-x86_64, r-release-macos-arm64, r-release-windows-x86_64, r-oldrel-macos-arm64, r-oldrel-macos-x86_64, r-oldrel-windows-x86_64