CRAN Package Check Results for Package spatialrisk

Last updated on 2024-02-29 20:05:42 CET.

Flavor Version Tinstall Tcheck Ttotal Status Flags
r-devel-linux-x86_64-debian-clang 0.7.1 58.73 384.31 443.04 OK
r-devel-linux-x86_64-debian-gcc 0.7.1 45.75 282.33 328.08 OK
r-devel-linux-x86_64-fedora-clang 0.7.1 545.71 NOTE
r-devel-linux-x86_64-fedora-gcc 0.7.1 574.25 NOTE
r-devel-windows-x86_64 0.7.0 51.00 265.00 316.00 NOTE
r-patched-linux-x86_64 0.7.1 42.43 370.88 413.31 OK
r-release-linux-x86_64 0.7.1 42.71 364.19 406.90 OK
r-release-macos-arm64 0.7.1 129.00 NOTE
r-release-macos-x86_64 0.7.1 281.00 NOTE
r-release-windows-x86_64 0.7.1 66.00 356.00 422.00 NOTE
r-oldrel-macos-arm64 0.7.1 122.00 NOTE
r-oldrel-windows-x86_64 0.7.1 65.00 339.00 404.00 NOTE

Check Details

Version: 0.7.1
Check: data for non-ASCII characters
Result: NOTE Note: found 283 marked UTF-8 strings Flavors: r-devel-linux-x86_64-fedora-clang, r-devel-linux-x86_64-fedora-gcc

Version: 0.7.0
Check: installed package size
Result: NOTE installed size is 5.5Mb sub-directories of 1Mb or more: data 2.6Mb help 1.7Mb libs 1.1Mb Flavor: r-devel-windows-x86_64

Version: 0.7.1
Check: installed package size
Result: NOTE installed size is 5.6Mb sub-directories of 1Mb or more: data 2.6Mb help 1.7Mb libs 1.2Mb Flavors: r-release-macos-arm64, r-release-macos-x86_64, r-release-windows-x86_64, r-oldrel-macos-arm64, r-oldrel-windows-x86_64