CRAN Package Check Results for Package spatstat.geom

Last updated on 2022-06-25 21:53:12 CEST.

Flavor Version Tinstall Tcheck Ttotal Status Flags
r-devel-linux-x86_64-debian-clang 2.4-0 65.38 387.89 453.27 OK
r-devel-linux-x86_64-debian-gcc 2.4-0 57.43 284.44 341.87 OK
r-devel-linux-x86_64-fedora-clang 2.4-0 526.01 OK
r-devel-linux-x86_64-fedora-gcc 2.4-0 526.25 OK
r-devel-windows-x86_64 2.4-0 821.00 484.00 1305.00 OK
r-patched-linux-x86_64 2.4-0 78.73 344.90 423.63 OK
r-release-linux-x86_64 2.4-0 54.83 347.36 402.19 OK
r-release-macos-arm64 2.4-0 141.00 NOTE
r-release-macos-x86_64 2.4-0 177.00 OK
r-release-windows-x86_64 2.4-0 781.00 464.00 1245.00 OK
r-oldrel-macos-arm64 2.4-0 115.00 NOTE
r-oldrel-macos-x86_64 2.4-0 188.00 OK
r-oldrel-windows-ix86+x86_64 2.4-0 140.00 653.00 793.00 OK

Check Details

Version: 2.4-0
Check: installed package size
Result: NOTE
     installed size is 6.0Mb
     sub-directories of 1Mb or more:
     R 2.1Mb
     help 2.8Mb
Flavors: r-release-macos-arm64, r-oldrel-macos-arm64