CRAN Package Check Results for Package specklestar

Last updated on 2021-12-07 19:49:59 CET.

Flavor Version Tinstall Tcheck Ttotal Status Flags
r-devel-linux-x86_64-debian-clang 0.0.1.7 48.33 38.85 87.18 NOTE
r-devel-linux-x86_64-debian-gcc 0.0.1.7 30.66 30.91 61.57 NOTE
r-devel-linux-x86_64-fedora-clang 0.0.1.7 145.24 NOTE
r-devel-linux-x86_64-fedora-gcc 0.0.1.7 104.95 NOTE
r-devel-windows-x86_64-new-UL 0.0.1.7 68.00 103.00 171.00 NOTE
r-devel-windows-x86_64-new-TK 0.0.1.7 NOTE
r-devel-windows-x86_64-old 0.0.1.7 66.00 52.00 118.00 NOTE
r-patched-linux-x86_64 0.0.1.7 38.05 38.12 76.17 NOTE
r-release-linux-x86_64 0.0.1.7 41.09 37.52 78.61 NOTE
r-release-macos-arm64 0.0.1.7 NOTE
r-release-macos-x86_64 0.0.1.7 NOTE
r-release-windows-ix86+x86_64 0.0.1.7 100.00 78.00 178.00 NOTE
r-oldrel-macos-x86_64 0.0.1.7 OK
r-oldrel-windows-ix86+x86_64 0.0.1.7 133.00 83.00 216.00 NOTE

Check Details

Version: 0.0.1.7
Check: LazyData
Result: NOTE
     'LazyData' is specified without a 'data' directory
Flavors: r-devel-linux-x86_64-debian-clang, r-devel-linux-x86_64-debian-gcc, r-devel-linux-x86_64-fedora-clang, r-devel-linux-x86_64-fedora-gcc, r-devel-windows-x86_64-new-UL, r-devel-windows-x86_64-new-TK, r-devel-windows-x86_64-old, r-patched-linux-x86_64, r-release-linux-x86_64, r-release-macos-arm64, r-release-macos-x86_64, r-release-windows-ix86+x86_64

Version: 0.0.1.7
Check: installed package size
Result: NOTE
     installed size is 5.4Mb
     sub-directories of 1Mb or more:
     libs 3.8Mb
Flavors: r-release-windows-ix86+x86_64, r-oldrel-windows-ix86+x86_64