CRAN Package Check Results for Package specs

Last updated on 2024-03-01 19:49:13 CET.

Flavor Version Tinstall Tcheck Ttotal Status Flags
r-devel-linux-x86_64-fedora-clang 1.0.1 111.42 OK
r-devel-linux-x86_64-fedora-gcc 1.0.1 120.90 OK
r-devel-windows-x86_64 1.0.1 38.00 70.00 108.00 OK
r-release-macos-arm64 0.1.1 34.00 NOTE
r-release-macos-x86_64 1.0.1 80.00 OK
r-oldrel-macos-arm64 0.1.1 42.00 OK

Check Details

Version: 0.1.1
Check: C++ specification
Result: NOTE Specified C++11: please drop specification unless essential Flavor: r-release-macos-arm64