Last updated on 2023-03-27 20:52:29 CEST.
Flavor | Version | Tinstall | Tcheck | Ttotal | Status | Flags |
---|---|---|---|---|---|---|
r-devel-linux-x86_64-debian-clang | 0.3-4 | 10.66 | 85.51 | 96.17 | OK | |
r-devel-linux-x86_64-debian-gcc | 0.3-4 | 7.27 | 65.87 | 73.14 | OK | |
r-devel-linux-x86_64-fedora-clang | 0.3-4 | 117.56 | NOTE | |||
r-devel-linux-x86_64-fedora-gcc | 0.3-4 | 118.63 | OK | |||
r-patched-linux-x86_64 | 0.3-4 | 7.76 | 82.02 | 89.78 | OK | |
r-release-linux-x86_64 | 0.3-4 | 9.16 | 82.27 | 91.43 | OK | |
r-release-macos-arm64 | 0.3-4 | 33.00 | OK | |||
r-release-macos-x86_64 | 0.3-4 | 51.00 | OK | |||
r-release-windows-x86_64 | 0.3-4 | 34.00 | 110.00 | 144.00 | OK | |
r-oldrel-macos-arm64 | 0.3-4 | 37.00 | OK | |||
r-oldrel-macos-x86_64 | 0.3-4 | 47.00 | OK | |||
r-oldrel-windows-ix86+x86_64 | 0.3-4 | 20.00 | 113.00 | 133.00 | OK |
Version: 0.3-4
Check: Rd cross-references
Result: NOTE
Undeclared package ‘biglm’ in Rd xrefs
Flavor: r-devel-linux-x86_64-fedora-clang