Last updated on 2025-01-25 19:48:59 CET.
Flavor | Version | Tinstall | Tcheck | Ttotal | Status | Flags |
---|---|---|---|---|---|---|
r-devel-linux-x86_64-debian-clang | 0.1-1 | 5.05 | 47.07 | 52.12 | NOTE | |
r-devel-linux-x86_64-debian-gcc | 0.1-1 | 3.91 | 36.71 | 40.62 | NOTE | |
r-devel-linux-x86_64-fedora-clang | 0.1-1 | 83.41 | NOTE | |||
r-devel-linux-x86_64-fedora-gcc | 0.1-1 | 81.19 | NOTE | |||
r-devel-windows-x86_64 | 0.1-1 | 6.00 | 60.00 | 66.00 | OK | |
r-patched-linux-x86_64 | 0.1-1 | 4.86 | 45.13 | 49.99 | NOTE | |
r-release-linux-x86_64 | 0.1-1 | 3.81 | 44.68 | 48.49 | NOTE | |
r-release-macos-arm64 | 0.1-1 | 26.00 | NOTE | |||
r-release-macos-x86_64 | 0.1-1 | 41.00 | NOTE | |||
r-release-windows-x86_64 | 0.1-1 | 6.00 | 59.00 | 65.00 | NOTE | |
r-oldrel-macos-arm64 | 0.1-1 | 34.00 | NOTE | |||
r-oldrel-macos-x86_64 | 0.1-1 | 49.00 | NOTE | |||
r-oldrel-windows-x86_64 | 0.1-1 | 8.00 | 70.00 | 78.00 | NOTE |
Version: 0.1-1
Check: for non-standard things in the check directory
Result: NOTE
Found the following files/directories:
‘.neig’
Flavors: r-devel-linux-x86_64-debian-clang, r-devel-linux-x86_64-debian-gcc, r-devel-linux-x86_64-fedora-clang, r-devel-linux-x86_64-fedora-gcc, r-patched-linux-x86_64, r-release-linux-x86_64
Version: 0.1-1
Check: LazyData
Result: NOTE
'LazyData' is specified without a 'data' directory
Flavors: r-patched-linux-x86_64, r-release-linux-x86_64, r-release-macos-arm64, r-release-macos-x86_64, r-release-windows-x86_64, r-oldrel-macos-arm64, r-oldrel-macos-x86_64, r-oldrel-windows-x86_64