CRAN Package Check Results for Package spiR

Last updated on 2022-01-20 19:51:10 CET.

Flavor Version Tinstall Tcheck Ttotal Status Flags
r-devel-linux-x86_64-debian-clang 0.2.1 NOTE
r-devel-linux-x86_64-debian-gcc 0.2.1 7.06 59.26 66.32 NOTE
r-devel-linux-x86_64-fedora-clang 0.2.1 107.48 NOTE
r-devel-linux-x86_64-fedora-gcc 0.2.1 91.65 NOTE
r-devel-windows-x86_64-new-UL 0.2.1 26.00 99.00 125.00 NOTE
r-devel-windows-x86_64-new-TK 0.2.1 NOTE
r-patched-linux-x86_64 0.2.1 8.04 74.26 82.30 NOTE
r-release-linux-x86_64 0.2.1 7.17 72.84 80.01 NOTE
r-release-macos-arm64 0.2.1 NOTE
r-release-macos-x86_64 0.2.1 NOTE
r-release-windows-ix86+x86_64 0.2.1 20.00 90.00 110.00 NOTE
r-oldrel-macos-x86_64 0.2.1 NOTE
r-oldrel-windows-ix86+x86_64 0.2.1 22.00 93.00 115.00 OK

Check Details

Version: 0.2.1
Check: LazyData
Result: NOTE
     'LazyData' is specified without a 'data' directory
Flavors: r-devel-linux-x86_64-debian-clang, r-devel-linux-x86_64-debian-gcc, r-devel-linux-x86_64-fedora-clang, r-devel-linux-x86_64-fedora-gcc, r-devel-windows-x86_64-new-UL, r-devel-windows-x86_64-new-TK, r-patched-linux-x86_64, r-release-linux-x86_64, r-release-macos-arm64, r-release-macos-x86_64, r-release-windows-ix86+x86_64

Version: 0.2.1
Check: dependencies in R code
Result: NOTE
    Namespace in Imports field not imported from: ‘readr’
     All declared Imports should be used.
Flavors: r-devel-linux-x86_64-fedora-clang, r-devel-linux-x86_64-fedora-gcc, r-devel-windows-x86_64-new-TK, r-release-macos-arm64, r-release-macos-x86_64, r-oldrel-macos-x86_64