CRAN Package Check Results for Package splitfngr

Last updated on 2023-02-06 19:54:36 CET.

Flavor Version Tinstall Tcheck Ttotal Status Flags
r-devel-linux-x86_64-debian-clang 0.1.2 1.65 21.51 23.16 NOTE
r-devel-linux-x86_64-debian-gcc 0.1.2 1.54 16.84 18.38 NOTE
r-devel-linux-x86_64-fedora-clang 0.1.2 30.29 NOTE
r-devel-linux-x86_64-fedora-gcc 0.1.2 29.08 NOTE
r-devel-windows-x86_64 0.1.2 13.00 54.00 67.00 NOTE
r-patched-linux-x86_64 0.1.2 1.93 21.70 23.63 NOTE
r-release-linux-x86_64 0.1.2 1.58 22.81 24.39 NOTE
r-release-macos-arm64 0.1.2 15.00 NOTE
r-release-macos-x86_64 0.1.2 20.00 NOTE
r-release-windows-x86_64 0.1.2 15.00 54.00 69.00 NOTE
r-oldrel-macos-arm64 0.1.2 25.00 NOTE
r-oldrel-macos-x86_64 0.1.2 24.00 NOTE
r-oldrel-windows-ix86+x86_64 0.1.2 6.00 44.00 50.00 NOTE

Check Details

Version: 0.1.2
Check: LazyData
Result: NOTE
     'LazyData' is specified without a 'data' directory
Flavors: r-devel-linux-x86_64-debian-clang, r-devel-linux-x86_64-debian-gcc, r-devel-linux-x86_64-fedora-clang, r-devel-linux-x86_64-fedora-gcc, r-devel-windows-x86_64, r-patched-linux-x86_64, r-release-linux-x86_64, r-release-macos-arm64, r-release-macos-x86_64, r-release-windows-x86_64, r-oldrel-macos-arm64, r-oldrel-macos-x86_64, r-oldrel-windows-ix86+x86_64