CRAN Package Check Results for Package splmm

Last updated on 2024-02-27 19:54:53 CET.

Flavor Version Tinstall Tcheck Ttotal Status Flags
r-devel-linux-x86_64-debian-clang 1.1.3 54.15 108.57 162.72 NOTE
r-devel-linux-x86_64-debian-gcc 1.1.3 40.26 81.73 121.99 NOTE
r-devel-linux-x86_64-fedora-clang 1.1.3 210.70 NOTE
r-devel-linux-x86_64-fedora-gcc 1.1.3 216.22 NOTE
r-devel-windows-x86_64 1.1.3 42.00 111.00 153.00 NOTE
r-patched-linux-x86_64 1.1.3 52.01 103.90 155.91 NOTE
r-release-linux-x86_64 1.1.3 47.33 103.12 150.45 NOTE
r-release-macos-arm64 1.1.3 71.00 NOTE
r-release-macos-x86_64 1.1.3 101.00 NOTE
r-release-windows-x86_64 1.1.3 52.00 139.00 191.00 NOTE
r-oldrel-macos-arm64 1.1.3 68.00 OK
r-oldrel-windows-x86_64 1.1.3 51.00 131.00 182.00 OK

Check Details

Version: 1.1.3
Check: C++ specification
Result: NOTE Specified C++11: please drop specification unless essential Flavors: r-devel-linux-x86_64-debian-clang, r-devel-linux-x86_64-debian-gcc, r-devel-linux-x86_64-fedora-clang, r-devel-linux-x86_64-fedora-gcc, r-devel-windows-x86_64, r-patched-linux-x86_64, r-release-linux-x86_64, r-release-macos-arm64, r-release-macos-x86_64, r-release-windows-x86_64