CRAN Package Check Results for Package spm

Last updated on 2024-03-04 19:54:26 CET.

Flavor Version Tinstall Tcheck Ttotal Status Flags
r-devel-linux-x86_64-debian-clang 1.2.2 6.37 46.68 53.05 NOTE
r-devel-linux-x86_64-debian-gcc 1.2.2 5.46 36.72 42.18 NOTE
r-devel-linux-x86_64-fedora-clang 1.2.2 69.72 NOTE
r-devel-linux-x86_64-fedora-gcc 1.2.2 76.60 NOTE
r-devel-windows-x86_64 1.2.2 9.00 64.00 73.00 NOTE
r-patched-linux-x86_64 1.2.2 9.85 45.42 55.27 OK
r-release-linux-x86_64 1.2.2 7.02 45.14 52.16 OK
r-release-macos-arm64 1.2.2 32.00 OK
r-release-macos-x86_64 1.2.2 48.00 OK
r-release-windows-x86_64 1.2.2 11.00 67.00 78.00 OK
r-oldrel-macos-arm64 1.2.2 23.00 NOTE
r-oldrel-windows-x86_64 1.2.2 10.00 64.00 74.00 OK

Check Details

Version: 1.2.2
Check: Rd files
Result: NOTE checkRd: (-1) gbmidwcv.Rd:118: Lost braces 118 | rfcv{randomForest} and gbm | ^ checkRd: (-1) gbmokgbmidwcv.Rd:108: Lost braces 108 | variable and anisotropy parameters. see notes vgm{gstat} for details. | ^ Flavors: r-devel-linux-x86_64-debian-clang, r-devel-linux-x86_64-debian-gcc, r-devel-linux-x86_64-fedora-clang, r-devel-linux-x86_64-fedora-gcc, r-devel-windows-x86_64

Version: 1.2.2
Check: dependencies in R code
Result: NOTE Namespace in Imports field not imported from: ‘biomod2’ All declared Imports should be used. Flavors: r-devel-linux-x86_64-fedora-clang, r-devel-linux-x86_64-fedora-gcc, r-oldrel-macos-arm64