CRAN Package Check Results for Package spnet

Last updated on 2022-05-27 21:51:34 CEST.

Flavor Version Tinstall Tcheck Ttotal Status Flags
r-devel-linux-x86_64-debian-clang 0.9.1-0 9.83 74.47 84.30 OK
r-devel-linux-x86_64-debian-gcc 0.9.1-0 8.80 57.03 65.83 OK
r-devel-linux-x86_64-fedora-clang 0.9.1-0 102.06 NOTE
r-devel-linux-x86_64-fedora-gcc 0.9.1-0 89.55 NOTE
r-devel-windows-x86_64 0.9.1-0 91.00 89.00 180.00 OK
r-patched-linux-x86_64 0.9.1-0 12.08 71.54 83.62 OK
r-release-linux-x86_64 0.9.1-0 11.18 69.82 81.00 OK
r-release-macos-arm64 0.9.1-0 29.00 NOTE
r-release-macos-x86_64 0.9.1-0 40.00 NOTE
r-release-windows-x86_64 0.9.1-0 90.00 88.00 178.00 OK
r-oldrel-macos-arm64 0.9.1-0 32.00 NOTE
r-oldrel-macos-x86_64 0.9.1-0 55.00 NOTE
r-oldrel-windows-ix86+x86_64 0.9.1-0 22.00 83.00 105.00 OK

Check Details

Version: 0.9.1-0
Check: data for non-ASCII characters
Result: NOTE
     Note: found 1 marked UTF-8 string
Flavors: r-devel-linux-x86_64-fedora-clang, r-devel-linux-x86_64-fedora-gcc, r-release-macos-arm64, r-release-macos-x86_64, r-oldrel-macos-arm64, r-oldrel-macos-x86_64