CRAN Package Check Results for Package ssh

Last updated on 2022-05-25 21:53:12 CEST.

Flavor Version Tinstall Tcheck Ttotal Status Flags
r-devel-linux-x86_64-debian-clang 0.8.0 5.59 37.37 42.96 OK
r-devel-linux-x86_64-debian-gcc 0.8.0 3.90 29.12 33.02 OK
r-devel-linux-x86_64-fedora-clang 0.8.0 52.41 OK
r-devel-linux-x86_64-fedora-gcc 0.8.0 41.33 OK
r-devel-windows-x86_64 0.8.0 28.00 86.00 114.00 OK
r-patched-linux-x86_64 0.8.0 4.77 36.23 41.00 OK
r-release-linux-x86_64 0.8.0 OK
r-release-macos-arm64 0.8.0 24.00 OK
r-release-macos-x86_64 0.8.0 30.00 OK
r-release-windows-x86_64 0.8.0 27.00 87.00 114.00 OK
r-oldrel-macos-arm64 0.8.0 34.00 OK
r-oldrel-macos-x86_64 0.8.0 37.00 OK
r-oldrel-windows-ix86+x86_64 0.8.0 36.00 88.00 124.00 NOTE

Check Details

Version: 0.8.0
Check: installed package size
Result: NOTE
     installed size is 6.8Mb
     sub-directories of 1Mb or more:
     doc 1.0Mb
     libs 5.6Mb
Flavor: r-oldrel-windows-ix86+x86_64