CRAN Package Check Results for Package standartox

Last updated on 2021-12-02 20:51:45 CET.

Flavor Version Tinstall Tcheck Ttotal Status Flags
r-devel-linux-x86_64-debian-clang 0.0.1 3.56 31.63 35.19 OK
r-devel-linux-x86_64-debian-gcc 0.0.1 2.24 23.92 26.16 OK
r-devel-linux-x86_64-fedora-clang 0.0.1 53.55 NOTE
r-devel-linux-x86_64-fedora-gcc 0.0.1 41.06 NOTE
r-devel-windows-x86_64-new-UL 0.0.1 12.00 69.00 81.00 OK
r-devel-windows-x86_64-new-TK 0.0.1 NOTE
r-devel-windows-x86_64-old 0.0.1 6.00 37.00 43.00 OK
r-patched-linux-x86_64 0.0.1 3.32 30.61 33.93 OK
r-patched-solaris-x86 0.0.1 64.10 NOTE
r-release-linux-x86_64 0.0.1 3.18 29.34 32.52 OK
r-release-macos-arm64 0.0.1 NOTE
r-release-macos-x86_64 0.0.1 NOTE
r-release-windows-ix86+x86_64 0.0.1 8.00 50.00 58.00 OK
r-oldrel-macos-x86_64 0.0.1 NOTE
r-oldrel-windows-ix86+x86_64 0.0.1 8.00 49.00 57.00 OK

Check Details

Version: 0.0.1
Check: dependencies in R code
Result: NOTE
    Namespace in Imports field not imported from: ‘curl’
     All declared Imports should be used.
Flavors: r-devel-linux-x86_64-fedora-clang, r-devel-linux-x86_64-fedora-gcc, r-devel-windows-x86_64-new-TK, r-patched-solaris-x86, r-release-macos-arm64, r-release-macos-x86_64, r-oldrel-macos-x86_64