Last updated on 2021-02-28 19:48:13 CET.
Flavor | Version | Tinstall | Tcheck | Ttotal | Status | Flags |
---|---|---|---|---|---|---|
r-devel-linux-x86_64-debian-clang | 0.4.1 | OK | ||||
r-devel-linux-x86_64-debian-gcc | 0.4.1 | 3.41 | 38.28 | 41.69 | OK | |
r-devel-linux-x86_64-fedora-clang | 0.4.1 | 74.48 | OK | |||
r-devel-linux-x86_64-fedora-gcc | 0.4.1 | 63.02 | OK | |||
r-devel-windows-ix86+x86_64 | 0.4.1 | 6.00 | 64.00 | 70.00 | OK | |
r-patched-linux-x86_64 | 0.4.1 | 4.35 | 49.17 | 53.52 | OK | |
r-patched-solaris-x86 | 0.4.1 | 121.80 | OK | |||
r-release-linux-x86_64 | 0.4.1 | 4.17 | 48.99 | 53.16 | OK | |
r-release-macos-x86_64 | 0.4.1 | OK | ||||
r-release-windows-ix86+x86_64 | 0.4.1 | 8.00 | 10.00 | 18.00 | ERROR | |
r-oldrel-macos-x86_64 | 0.4.1 | OK | ||||
r-oldrel-windows-ix86+x86_64 | 0.4.1 | 6.00 | 81.00 | 87.00 | OK |
Version: 0.4.1
Check: whether package can be installed
Result: ERROR
Installation failed.
See *
Flavor: r-release-windows-ix86+x86_64