CRAN Package Check Results for Package statgenGWAS

Last updated on 2021-02-28 19:48:13 CET.

Flavor Version Tinstall Tcheck Ttotal Status Flags
r-devel-linux-x86_64-debian-clang 1.0.5 OK
r-devel-linux-x86_64-debian-gcc 1.0.5 76.38 154.64 231.02 OK
r-devel-linux-x86_64-fedora-clang 1.0.5 407.29 NOTE
r-devel-linux-x86_64-fedora-gcc 1.0.5 371.95 OK
r-devel-windows-ix86+x86_64 1.0.5 181.00 192.00 373.00 NOTE
r-patched-linux-x86_64 1.0.5 91.90 188.15 280.05 OK
r-patched-solaris-x86 1.0.5 444.20 OK
r-release-linux-x86_64 1.0.5 87.72 194.40 282.12 OK
r-release-macos-x86_64 1.0.5 NOTE
r-release-windows-ix86+x86_64 1.0.5 255.00 251.00 506.00 NOTE
r-oldrel-macos-x86_64 1.0.5 NOTE
r-oldrel-windows-ix86+x86_64 1.0.5 166.00 200.00 366.00 NOTE

Check Details

Version: 1.0.5
Check: installed package size
Result: NOTE
     installed size is 9.4Mb
     sub-directories of 1Mb or more:
     data 3.1Mb
     libs 5.4Mb
Flavors: r-devel-linux-x86_64-fedora-clang, r-devel-windows-ix86+x86_64, r-release-macos-x86_64, r-release-windows-ix86+x86_64, r-oldrel-macos-x86_64, r-oldrel-windows-ix86+x86_64