CRAN Package Check Results for Package stationery

Last updated on 2022-01-15 20:00:15 CET.

Flavor Version Tinstall Tcheck Ttotal Status Flags
r-devel-linux-x86_64-debian-clang 1.0 4.52 85.19 89.71 OK
r-devel-linux-x86_64-debian-gcc 1.0 2.42 66.57 68.99 OK
r-devel-linux-x86_64-fedora-clang 1.0 110.93 OK
r-devel-linux-x86_64-fedora-gcc 1.0 99.65 OK
r-devel-windows-x86_64-new-UL 1.0 506.00 248.00 754.00 OK
r-devel-windows-x86_64-new-TK 1.0 NOTE
r-patched-linux-x86_64 1.0 3.53 88.53 92.06 OK
r-release-linux-x86_64 1.0 4.45 88.58 93.03 OK
r-release-macos-arm64 1.0 OK
r-release-macos-x86_64 1.0 OK
r-release-windows-ix86+x86_64 1.0 11.00 141.00 152.00 OK
r-oldrel-macos-x86_64 1.0 OK
r-oldrel-windows-ix86+x86_64 1.0 11.00 138.00 149.00 OK

Check Details

Version: 1.0
Check: package dependencies
Result: NOTE
    Package suggested but not available for checking: 'rockchalk'
Flavor: r-devel-windows-x86_64-new-TK

Version: 1.0
Check: re-building of vignette outputs
Result: NOTE
    Error(s) in re-building vignettes:
    --- re-building 'HTML_special_features.Rmd' using rmarkdown
    Quitting from lines 534-553 (HTML_special_features.Rmd)
    Error: processing vignette 'HTML_special_features.Rmd' failed with diagnostics:
    there is no package called 'rockchalk'
    --- failed re-building 'HTML_special_features.Rmd'
    
    --- re-building 'Rmarkdown.Rmd' using rmarkdown
    Quitting from lines 746-749 (Rmarkdown.Rmd)
    Error: processing vignette 'Rmarkdown.Rmd' failed with diagnostics:
    there is no package called 'rockchalk'
    --- failed re-building 'Rmarkdown.Rmd'
    
    --- re-building 'code_chunks.Rmd' using rmarkdown
    Quitting from lines 754-762 (code_chunks.Rmd)
    Error: processing vignette 'code_chunks.Rmd' failed with diagnostics:
    there is no package called 'rockchalk'
    --- failed re-building 'code_chunks.Rmd'
    
    --- re-building 'stationery.Rnw' using Sweave
    --- finished re-building 'stationery.Rnw'
    
    SUMMARY: processing the following files failed:
     'HTML_special_features.Rmd' 'Rmarkdown.Rmd'
     'code_chunks.Rmd'
    
    Error: Vignette re-building failed.
    Execution halted
Flavor: r-devel-windows-x86_64-new-TK