CRAN Package Check Results for Package statquotes

Last updated on 2022-05-25 21:53:12 CEST.

Flavor Version Tinstall Tcheck Ttotal Status Flags
r-devel-linux-x86_64-debian-clang 0.2.6 10.58 107.82 118.40 OK
r-devel-linux-x86_64-debian-gcc 0.2.6 7.78 80.88 88.66 OK
r-devel-linux-x86_64-fedora-clang 0.2.6 140.33 NOTE
r-devel-linux-x86_64-fedora-gcc 0.2.6 125.65 OK
r-devel-windows-x86_64 0.2.6 27.00 122.00 149.00 OK
r-patched-linux-x86_64 0.2.6 14.85 103.91 118.76 OK
r-release-linux-x86_64 0.2.6 OK
r-release-macos-arm64 0.2.6 38.00 OK
r-release-macos-x86_64 0.2.6 78.00 OK
r-release-windows-x86_64 0.2.6 27.00 123.00 150.00 OK
r-oldrel-macos-arm64 0.2.6 34.00 OK
r-oldrel-macos-x86_64 0.2.6 53.00 OK
r-oldrel-windows-ix86+x86_64 0.2.6 25.00 111.00 136.00 OK

Check Details

Version: 0.2.6
Check: Rd cross-references
Result: NOTE
    Undeclared package ‘fortunes’ in Rd xrefs
Flavor: r-devel-linux-x86_64-fedora-clang