CRAN Package Check Results for Package stcos

Last updated on 2022-01-25 19:50:47 CET.

Flavor Version Tinstall Tcheck Ttotal Status Flags
r-devel-linux-x86_64-debian-clang 0.3.0 89.35 176.42 265.77 OK
r-devel-linux-x86_64-debian-gcc 0.3.0 71.89 140.49 212.38 OK
r-devel-linux-x86_64-fedora-clang 0.3.0 344.72 NOTE
r-devel-linux-x86_64-fedora-gcc 0.3.0 318.57 OK
r-devel-windows-x86_64-new-UL 0.3.0 99.00 222.00 321.00 OK
r-devel-windows-x86_64-new-TK 0.3.0 OK
r-patched-linux-x86_64 0.3.0 80.01 162.54 242.55 OK
r-release-linux-x86_64 0.3.0 81.88 164.90 246.78 OK
r-release-macos-arm64 0.3.0 NOTE
r-release-macos-x86_64 0.3.0 NOTE
r-release-windows-ix86+x86_64 0.3.0 215.00 296.00 511.00 NOTE
r-oldrel-macos-x86_64 0.3.0 NOTE
r-oldrel-windows-ix86+x86_64 0.3.0 217.00 305.00 522.00 NOTE

Check Details

Version: 0.3.0
Check: installed package size
Result: NOTE
     installed size is 6.4Mb
     sub-directories of 1Mb or more:
     data 2.3Mb
     libs 3.8Mb
Flavors: r-devel-linux-x86_64-fedora-clang, r-release-macos-arm64, r-release-macos-x86_64, r-release-windows-ix86+x86_64, r-oldrel-macos-x86_64, r-oldrel-windows-ix86+x86_64