CRAN Package Check Results for Package stfit

Last updated on 2022-05-24 21:51:54 CEST.

Flavor Version Tinstall Tcheck Ttotal Status Flags
r-devel-linux-x86_64-debian-clang 0.99.8 65.49 305.03 370.52 WARN
r-devel-linux-x86_64-debian-gcc 0.99.8 51.83 221.16 272.99 OK
r-devel-linux-x86_64-fedora-clang 0.99.8 444.38 WARN
r-devel-linux-x86_64-fedora-gcc 0.99.8 421.05 OK
r-devel-windows-x86_64 0.99.8 62.00 305.00 367.00 OK
r-patched-linux-x86_64 0.99.8 60.39 287.32 347.71 OK
r-release-linux-x86_64 0.99.8 OK
r-release-macos-arm64 0.99.8 89.00 OK
r-release-macos-x86_64 0.99.8 166.00 OK
r-release-windows-x86_64 0.99.8 63.00 309.00 372.00 OK
r-oldrel-macos-arm64 0.99.8 108.00 OK
r-oldrel-macos-x86_64 0.99.8 193.00 OK
r-oldrel-windows-ix86+x86_64 0.99.8 150.00 397.00 547.00 OK

Additional issues

clang14

Check Details

Version: 0.99.8
Check: whether package can be installed
Result: WARN
    Found the following significant warnings:
     rcpp_cov_est1d.cpp:45:8: warning: use of bitwise '&' with boolean operands [-Wbitwise-instead-of-logical]
     rcpp_cov_est1d.cpp:50:14: warning: use of bitwise '&' with boolean operands [-Wbitwise-instead-of-logical]
Flavors: r-devel-linux-x86_64-debian-clang, r-devel-linux-x86_64-fedora-clang