CRAN Package Check Results for Package stickr

Last updated on 2022-05-27 21:51:34 CEST.

Flavor Version Tinstall Tcheck Ttotal Status Flags
r-devel-linux-x86_64-debian-clang 0.3.1 2.22 33.86 36.08 NOTE
r-devel-linux-x86_64-debian-gcc 0.3.1 1.54 26.00 27.54 NOTE
r-devel-linux-x86_64-fedora-clang 0.3.1 43.05 NOTE
r-devel-linux-x86_64-fedora-gcc 0.3.1 31.84 NOTE
r-devel-windows-x86_64 0.3.1 29.00 59.00 88.00 NOTE
r-patched-linux-x86_64 0.3.1 2.04 32.16 34.20 NOTE
r-release-linux-x86_64 0.3.1 2.30 32.29 34.59 NOTE
r-release-macos-arm64 0.3.1 16.00 NOTE
r-release-macos-x86_64 0.3.1 22.00 NOTE
r-release-windows-x86_64 0.3.1 10.00 59.00 69.00 NOTE
r-oldrel-macos-arm64 0.3.1 23.00 NOTE
r-oldrel-macos-x86_64 0.3.1 28.00 NOTE
r-oldrel-windows-ix86+x86_64 0.3.1 9.00 49.00 58.00 NOTE

Check Details

Version: 0.3.1
Check: LazyData
Result: NOTE
     'LazyData' is specified without a 'data' directory
Flavors: r-devel-linux-x86_64-debian-clang, r-devel-linux-x86_64-debian-gcc, r-devel-linux-x86_64-fedora-clang, r-devel-linux-x86_64-fedora-gcc, r-devel-windows-x86_64, r-patched-linux-x86_64, r-release-linux-x86_64, r-release-macos-arm64, r-release-macos-x86_64, r-release-windows-x86_64, r-oldrel-macos-arm64, r-oldrel-macos-x86_64, r-oldrel-windows-ix86+x86_64