CRAN Package Check Results for Package stm

Last updated on 2024-03-01 19:49:13 CET.

Flavor Version Tinstall Tcheck Ttotal Status Flags
r-devel-linux-x86_64-debian-clang 1.3.7 51.18 343.54 394.72 OK
r-devel-linux-x86_64-debian-gcc 1.3.7 40.80 247.37 288.17 OK
r-devel-linux-x86_64-fedora-clang 1.3.7 490.44 OK
r-devel-linux-x86_64-fedora-gcc 1.3.7 465.14 OK
r-devel-windows-x86_64 1.3.7 41.00 286.00 327.00 OK
r-patched-linux-x86_64 1.3.7 61.50 296.41 357.91 OK
r-release-linux-x86_64 1.3.7 53.66 295.90 349.56 OK
r-release-macos-arm64 1.3.7 141.00 NOTE
r-release-macos-x86_64 1.3.7 346.00 NOTE
r-release-windows-x86_64 1.3.7 55.00 348.00 403.00 OK
r-oldrel-macos-arm64 1.3.7 140.00 NOTE
r-oldrel-windows-x86_64 1.3.7 51.00 330.00 381.00 OK

Check Details

Version: 1.3.7
Check: installed package size
Result: NOTE installed size is 5.3Mb sub-directories of 1Mb or more: data 1.7Mb libs 2.4Mb Flavors: r-release-macos-arm64, r-release-macos-x86_64, r-oldrel-macos-arm64