CRAN Package Check Results for Package stmCorrViz

Last updated on 2021-11-29 19:51:46 CET.

Flavor Version Tinstall Tcheck Ttotal Status Flags
r-devel-linux-x86_64-debian-clang 1.3 2.56 38.72 41.28 NOTE
r-devel-linux-x86_64-debian-gcc 1.3 1.85 29.53 31.38 NOTE
r-devel-linux-x86_64-fedora-clang 1.3 60.01 NOTE
r-devel-linux-x86_64-fedora-gcc 1.3 49.42 NOTE
r-devel-windows-x86_64-new-UL 1.3 7.00 88.00 95.00 OK
r-devel-windows-x86_64-new-TK 1.3 NOTE
r-devel-windows-x86_64-old 1.3 4.00 46.00 50.00 OK
r-patched-linux-x86_64 1.3 2.17 36.50 38.67 NOTE
r-patched-solaris-x86 1.3 71.80 NOTE
r-release-linux-x86_64 1.3 2.40 37.78 40.18 NOTE
r-release-macos-arm64 1.3 NOTE
r-release-macos-x86_64 1.3 NOTE
r-release-windows-ix86+x86_64 1.3 6.00 44.00 50.00 OK
r-oldrel-macos-x86_64 1.3 NOTE
r-oldrel-windows-ix86+x86_64 1.3 4.00 46.00 50.00 OK

Check Details

Version: 1.3
Check: for non-standard things in the check directory
Result: NOTE
    Found the following files/directories:
     'corrviz.html'
Flavors: r-devel-linux-x86_64-debian-clang, r-devel-linux-x86_64-debian-gcc, r-devel-linux-x86_64-fedora-clang, r-devel-linux-x86_64-fedora-gcc, r-patched-linux-x86_64, r-patched-solaris-x86, r-release-linux-x86_64

Version: 1.3
Check: dependencies in R code
Result: NOTE
    Namespaces in Imports field not imported from:
     ‘SnowballC’ ‘tm’
     All declared Imports should be used.
Flavors: r-devel-linux-x86_64-fedora-clang, r-devel-linux-x86_64-fedora-gcc, r-devel-windows-x86_64-new-TK, r-patched-solaris-x86, r-release-macos-arm64, r-release-macos-x86_64, r-oldrel-macos-x86_64