CRAN Package Check Results for Package stochvolTMB

Last updated on 2025-06-16 21:51:05 CEST.

Flavor Version Tinstall Tcheck Ttotal Status Flags
r-devel-linux-x86_64-debian-clang 0.3.0 29.42 139.15 168.57 OK
r-devel-linux-x86_64-debian-gcc 0.3.0 27.99 114.62 142.61 OK
r-devel-linux-x86_64-fedora-clang 0.3.0 274.10 OK
r-devel-linux-x86_64-fedora-gcc 0.3.0 335.05 OK
r-devel-windows-x86_64 0.3.0 77.00 110.00 187.00 OK
r-patched-linux-x86_64 0.3.0 37.96 139.46 177.42 OK
r-release-linux-x86_64 0.3.0 38.60 139.66 178.26 OK
r-release-macos-arm64 0.3.0 93.00 OK
r-release-macos-x86_64 0.3.0 173.00 OK
r-release-windows-x86_64 0.3.0 72.00 106.00 178.00 OK
r-oldrel-macos-arm64 0.3.0 93.00 NOTE
r-oldrel-macos-x86_64 0.3.0 162.00 NOTE
r-oldrel-windows-x86_64 0.3.0 84.00 132.00 216.00 NOTE

Additional issues

noRemap

Check Details

Version: 0.3.0
Check: installed package size
Result: NOTE installed size is 47.5Mb sub-directories of 1Mb or more: joss_paper 1.2Mb libs 45.5Mb Flavors: r-oldrel-macos-arm64, r-oldrel-macos-x86_64, r-oldrel-windows-x86_64