CRAN Package Check Results for Package stopwords

Last updated on 2022-06-25 21:53:13 CEST.

Flavor Version Tinstall Tcheck Ttotal Status Flags
r-devel-linux-x86_64-debian-clang 2.3 2.60 25.74 28.34 OK
r-devel-linux-x86_64-debian-gcc 2.3 1.93 19.94 21.87 OK
r-devel-linux-x86_64-fedora-clang 2.3 44.89 NOTE
r-devel-linux-x86_64-fedora-gcc 2.3 43.90 NOTE
r-devel-windows-x86_64 2.3 32.00 52.00 84.00 OK
r-patched-linux-x86_64 2.3 2.55 24.36 26.91 OK
r-release-linux-x86_64 2.3 2.05 24.92 26.97 OK
r-release-macos-arm64 2.3 16.00 NOTE
r-release-macos-x86_64 2.3 25.00 NOTE
r-release-windows-x86_64 2.3 37.00 52.00 89.00 OK
r-oldrel-macos-arm64 2.3 17.00 NOTE
r-oldrel-macos-x86_64 2.3 23.00 NOTE
r-oldrel-windows-ix86+x86_64 2.3 6.00 47.00 53.00 OK

Check Details

Version: 2.3
Check: data for non-ASCII characters
Result: NOTE
     Note: found 22806 marked UTF-8 strings
Flavors: r-devel-linux-x86_64-fedora-clang, r-devel-linux-x86_64-fedora-gcc, r-release-macos-arm64, r-release-macos-x86_64, r-oldrel-macos-arm64, r-oldrel-macos-x86_64