CRAN Package Check Results for Package storr

Last updated on 2022-01-26 19:50:48 CET.

Flavor Version Tinstall Tcheck Ttotal Status Flags
r-devel-linux-x86_64-debian-clang 1.2.5 9.66 61.00 70.66 NOTE
r-devel-linux-x86_64-debian-gcc 1.2.5 6.27 47.26 53.53 NOTE
r-devel-linux-x86_64-fedora-clang 1.2.5 84.41 NOTE
r-devel-linux-x86_64-fedora-gcc 1.2.5 74.73 NOTE
r-devel-windows-x86_64-new-UL 1.2.5 61.00 115.00 176.00 NOTE
r-devel-windows-x86_64-new-TK 1.2.5 NOTE
r-patched-linux-x86_64 1.2.5 10.64 59.24 69.88 NOTE
r-release-linux-x86_64 1.2.5 8.10 58.76 66.86 NOTE
r-release-macos-arm64 1.2.5 NOTE
r-release-macos-x86_64 1.2.5 NOTE
r-release-windows-ix86+x86_64 1.2.5 20.00 107.00 127.00 NOTE
r-oldrel-macos-x86_64 1.2.5 OK
r-oldrel-windows-ix86+x86_64 1.2.5 16.00 107.00 123.00 OK

Check Details

Version: 1.2.5
Check: LazyData
Result: NOTE
     'LazyData' is specified without a 'data' directory
Flavors: r-devel-linux-x86_64-debian-clang, r-devel-linux-x86_64-debian-gcc, r-devel-linux-x86_64-fedora-clang, r-devel-linux-x86_64-fedora-gcc, r-devel-windows-x86_64-new-UL, r-devel-windows-x86_64-new-TK, r-patched-linux-x86_64, r-release-linux-x86_64, r-release-macos-arm64, r-release-macos-x86_64, r-release-windows-ix86+x86_64