CRAN Package Check Results for Package stpm

Last updated on 2024-02-24 19:50:54 CET.

Flavor Version Tinstall Tcheck Ttotal Status Flags
r-devel-linux-x86_64-debian-clang 1.7.12 270.92 475.30 746.22 OK
r-devel-linux-x86_64-debian-gcc 1.7.12 190.05 337.85 527.90 OK
r-devel-linux-x86_64-fedora-clang 1.7.12 943.22 OK
r-devel-linux-x86_64-fedora-gcc 1.7.12 932.19 OK
r-devel-windows-x86_64 1.7.12 180.00 343.00 523.00 OK
r-patched-linux-x86_64 1.7.12 206.56 442.65 649.21 OK
r-release-linux-x86_64 1.7.12 183.14 438.58 621.72 OK
r-release-macos-arm64 1.7.12 238.00 NOTE
r-release-macos-x86_64 1.7.12 502.00 NOTE
r-release-windows-x86_64 1.7.12 241.00 442.00 683.00 OK
r-oldrel-macos-arm64 1.7.12 201.00 NOTE
r-oldrel-windows-x86_64 1.7.12 235.00 422.00 657.00 OK

Check Details

Version: 1.7.12
Check: installed package size
Result: NOTE installed size is 9.4Mb sub-directories of 1Mb or more: libs 7.1Mb Flavors: r-release-macos-arm64, r-release-macos-x86_64, r-oldrel-macos-arm64