CRAN Package Check Results for Package stressr

Last updated on 2024-06-15 22:20:55 CEST.

Flavor Version Tinstall Tcheck Ttotal Status Flags
r-devel-linux-x86_64-debian-clang 1.0.0 4.61 47.80 52.41 NOTE
r-devel-linux-x86_64-debian-gcc 1.0.0 3.53 35.62 39.15 NOTE
r-devel-linux-x86_64-fedora-clang 1.0.0 65.16 NOTE
r-devel-linux-x86_64-fedora-gcc 1.0.0 62.03 NOTE
r-devel-windows-x86_64 1.0.0 5.00 57.00 62.00 NOTE
r-patched-linux-x86_64 1.0.0 4.98 45.04 50.02 NOTE
r-release-linux-x86_64 1.0.0 5.48 45.67 51.15 NOTE
r-release-macos-arm64 1.0.0 23.00 NOTE
r-release-macos-x86_64 1.0.0 34.00 NOTE
r-release-windows-x86_64 1.0.0 5.00 59.00 64.00 NOTE
r-oldrel-macos-arm64 1.0.0 25.00 NOTE
r-oldrel-macos-x86_64 1.0.0 35.00 NOTE
r-oldrel-windows-x86_64 1.0.0 7.00 65.00 72.00 NOTE

Check Details

Version: 1.0.0
Check: DESCRIPTION meta-information
Result: NOTE Malformed Title field: should not end in a period. Flavors: r-devel-linux-x86_64-debian-clang, r-devel-linux-x86_64-debian-gcc, r-devel-linux-x86_64-fedora-clang, r-devel-linux-x86_64-fedora-gcc, r-devel-windows-x86_64, r-patched-linux-x86_64, r-release-linux-x86_64, r-release-macos-arm64, r-release-macos-x86_64, r-release-windows-x86_64, r-oldrel-macos-arm64, r-oldrel-macos-x86_64, r-oldrel-windows-x86_64