CRAN Package Check Results for Package stringb

Last updated on 2021-12-01 19:51:51 CET.

Flavor Version Tinstall Tcheck Ttotal Status Flags
r-devel-linux-x86_64-debian-clang 0.1.17 3.40 29.35 32.75 NOTE
r-devel-linux-x86_64-debian-gcc 0.1.17 3.00 23.94 26.94 NOTE
r-devel-linux-x86_64-fedora-clang 0.1.17 51.41 NOTE
r-devel-linux-x86_64-fedora-gcc 0.1.17 39.73 NOTE
r-devel-windows-x86_64-new-UL 0.1.17 16.00 67.00 83.00 NOTE
r-devel-windows-x86_64-new-TK 0.1.17 NOTE
r-devel-windows-x86_64-old 0.1.17 7.00 35.00 42.00 NOTE
r-patched-linux-x86_64 0.1.17 3.82 28.54 32.36 NOTE
r-patched-solaris-x86 0.1.17 60.30 NOTE
r-release-linux-x86_64 0.1.17 3.07 28.54 31.61 NOTE
r-release-macos-arm64 0.1.17 NOTE
r-release-macos-x86_64 0.1.17 NOTE
r-release-windows-ix86+x86_64 0.1.17 9.00 36.00 45.00 NOTE
r-oldrel-macos-x86_64 0.1.17 OK
r-oldrel-windows-ix86+x86_64 0.1.17 7.00 46.00 53.00 OK

Check Details

Version: 0.1.17
Check: LazyData
Result: NOTE
     'LazyData' is specified without a 'data' directory
Flavors: r-devel-linux-x86_64-debian-clang, r-devel-linux-x86_64-debian-gcc, r-devel-linux-x86_64-fedora-clang, r-devel-linux-x86_64-fedora-gcc, r-devel-windows-x86_64-new-UL, r-devel-windows-x86_64-new-TK, r-devel-windows-x86_64-old, r-patched-linux-x86_64, r-patched-solaris-x86, r-release-linux-x86_64, r-release-macos-arm64, r-release-macos-x86_64, r-release-windows-ix86+x86_64