Last updated on 2023-01-31 19:56:36 CET.
Flavor | Version | Tinstall | Tcheck | Ttotal | Status | Flags |
---|---|---|---|---|---|---|
r-devel-linux-x86_64-debian-clang | 1.7.12 | 158.55 | 76.80 | 235.35 | NOTE | |
r-devel-linux-x86_64-debian-gcc | 1.7.12 | 108.93 | 57.23 | 166.16 | NOTE | |
r-devel-linux-x86_64-fedora-clang | 1.7.12 | 383.19 | NOTE | |||
r-devel-linux-x86_64-fedora-gcc | 1.7.12 | 298.73 | NOTE | |||
r-devel-windows-x86_64 | 1.7.12 | 1278.00 | 235.00 | 1513.00 | NOTE | |
r-patched-linux-x86_64 | 1.7.12 | 130.47 | 61.54 | 192.01 | OK | |
r-release-linux-x86_64 | 1.7.12 | 132.49 | 60.67 | 193.16 | OK | |
r-release-macos-arm64 | 1.7.12 | 86.00 | NOTE | |||
r-release-macos-x86_64 | 1.7.12 | 128.00 | NOTE | |||
r-release-windows-x86_64 | 1.7.12 | 647.00 | 157.00 | 804.00 | NOTE | |
r-oldrel-macos-arm64 | 1.7.12 | 85.00 | NOTE | |||
r-oldrel-macos-x86_64 | 1.7.12 | 136.00 | NOTE | |||
r-oldrel-windows-ix86+x86_64 | 1.7.12 | 1534.00 | 150.00 | 1684.00 | NOTE |
Version: 1.7.12
Check: C++ specification
Result: NOTE
Specified C++11: please update to current default of C++17
Flavors: r-devel-linux-x86_64-debian-clang, r-devel-linux-x86_64-debian-gcc, r-devel-linux-x86_64-fedora-clang, r-devel-linux-x86_64-fedora-gcc, r-devel-windows-x86_64
Version: 1.7.12
Check: installed package size
Result: NOTE
installed size is 33.2Mb
sub-directories of 1Mb or more:
libs 32.4Mb
Flavors: r-devel-windows-x86_64, r-release-macos-arm64, r-release-macos-x86_64, r-release-windows-x86_64, r-oldrel-macos-arm64, r-oldrel-macos-x86_64, r-oldrel-windows-ix86+x86_64