CRAN Package Check Results for Package strip

Last updated on 2021-12-03 19:50:28 CET.

Flavor Version Tinstall Tcheck Ttotal Status Flags
r-devel-linux-x86_64-debian-clang 1.0.0 2.66 40.09 42.75 NOTE
r-devel-linux-x86_64-debian-gcc 1.0.0 1.55 31.00 32.55 NOTE
r-devel-linux-x86_64-fedora-clang 1.0.0 62.42 NOTE
r-devel-linux-x86_64-fedora-gcc 1.0.0 51.13 NOTE
r-devel-windows-x86_64-new-UL 1.0.0 7.00 78.00 85.00 NOTE
r-devel-windows-x86_64-new-TK 1.0.0 NOTE
r-devel-windows-x86_64-old 1.0.0 5.00 49.00 54.00 NOTE
r-patched-linux-x86_64 1.0.0 2.70 37.39 40.09 NOTE
r-release-linux-x86_64 1.0.0 2.34 37.35 39.69 NOTE
r-release-macos-arm64 1.0.0 NOTE
r-release-macos-x86_64 1.0.0 NOTE
r-release-windows-ix86+x86_64 1.0.0 7.00 61.00 68.00 NOTE
r-oldrel-macos-x86_64 1.0.0 OK
r-oldrel-windows-ix86+x86_64 1.0.0 7.00 62.00 69.00 OK

Check Details

Version: 1.0.0
Check: LazyData
Result: NOTE
     'LazyData' is specified without a 'data' directory
Flavors: r-devel-linux-x86_64-debian-clang, r-devel-linux-x86_64-debian-gcc, r-devel-linux-x86_64-fedora-clang, r-devel-linux-x86_64-fedora-gcc, r-devel-windows-x86_64-new-UL, r-devel-windows-x86_64-new-TK, r-devel-windows-x86_64-old, r-patched-linux-x86_64, r-release-linux-x86_64, r-release-macos-arm64, r-release-macos-x86_64, r-release-windows-ix86+x86_64