CRAN Package Check Results for Package strucchange

Last updated on 2022-12-03 19:53:03 CET.

Flavor Version Tinstall Tcheck Ttotal Status Flags
r-devel-linux-x86_64-debian-clang 1.5-3 11.53 111.31 122.84 NOTE
r-devel-linux-x86_64-debian-gcc 1.5-3 7.66 81.32 88.98 NOTE
r-devel-linux-x86_64-fedora-clang 1.5-3 159.72 NOTE
r-devel-linux-x86_64-fedora-gcc 1.5-3 150.54 NOTE
r-devel-windows-x86_64 1.5-3 71.00 170.00 241.00 NOTE
r-patched-linux-x86_64 1.5-3 11.43 105.53 116.96 NOTE
r-release-linux-x86_64 1.5-3 8.89 106.07 114.96 NOTE
r-release-macos-arm64 1.5-3 46.00 NOTE
r-release-macos-x86_64 1.5-3 57.00 NOTE
r-release-windows-x86_64 1.5-3 95.00 171.00 266.00 NOTE
r-oldrel-macos-arm64 1.5-3 40.00 NOTE
r-oldrel-macos-x86_64 1.5-3 58.00 NOTE
r-oldrel-windows-ix86+x86_64 1.5-3 20.00 177.00 197.00 NOTE

Check Details

Version: 1.5-3
Check: R code for possible problems
Result: NOTE
    efpFunctional: multiple local function definitions for 'plotProcess'
     with different formal arguments
    mefp.efp: multiple local function definitions for 'computeEmpProc' with
     different formal arguments
Flavors: r-devel-linux-x86_64-debian-clang, r-devel-linux-x86_64-debian-gcc, r-devel-linux-x86_64-fedora-clang, r-devel-linux-x86_64-fedora-gcc, r-devel-windows-x86_64, r-patched-linux-x86_64, r-release-linux-x86_64, r-release-macos-arm64, r-release-macos-x86_64, r-release-windows-x86_64, r-oldrel-macos-arm64, r-oldrel-macos-x86_64, r-oldrel-windows-ix86+x86_64