Last updated on 2023-09-21 21:52:38 CEST.
Flavor | Version | Tinstall | Tcheck | Ttotal | Status | Flags |
---|---|---|---|---|---|---|
r-devel-linux-x86_64-debian-clang | 1.5-3-1.0.4 | 109.45 | 88.39 | 197.84 | NOTE | |
r-devel-linux-x86_64-debian-gcc | 1.5-3-1.0.4 | 71.44 | 67.38 | 138.82 | NOTE | |
r-devel-linux-x86_64-fedora-clang | 1.5-3-1.0.4 | 275.97 | NOTE | |||
r-devel-linux-x86_64-fedora-gcc | 1.5-3-1.0.4 | 296.11 | NOTE | |||
r-devel-windows-x86_64 | 1.5-3-1.0.4 | 84.00 | 134.00 | 218.00 | NOTE | |
r-patched-linux-x86_64 | 1.5-3-1.0.4 | 107.21 | 88.06 | 195.27 | NOTE | |
r-release-linux-x86_64 | 1.5-3-1.0.4 | 105.03 | 89.19 | 194.22 | NOTE | |
r-release-macos-arm64 | 1.5-3-1.0.4 | 74.00 | NOTE | |||
r-release-macos-x86_64 | 1.5-3-1.0.4 | 127.00 | NOTE | |||
r-release-windows-x86_64 | 1.5-3-1.0.4 | 106.00 | 148.00 | 254.00 | NOTE | |
r-oldrel-macos-arm64 | 1.5-3-1.0.4 | 63.00 | NOTE | |||
r-oldrel-macos-x86_64 | 1.5-3-1.0.4 | 91.00 | NOTE | |||
r-oldrel-windows-x86_64 | 1.5-3-1.0.4 | 102.00 | 147.00 | 249.00 | OK |
Version: 1.5-3-1.0.4
Check: Rd files
Result: NOTE
checkRd: (-1) SP2001.Rd:3: Escaped LaTeX specials: \&
checkRd: (-1) SP2001.Rd:5: Escaped LaTeX specials: \&
checkRd: (-1) SP2001.Rd:12: Escaped LaTeX specials: \&
Flavors: r-devel-linux-x86_64-debian-clang, r-devel-linux-x86_64-debian-gcc, r-devel-linux-x86_64-fedora-clang, r-devel-linux-x86_64-fedora-gcc, r-devel-windows-x86_64, r-patched-linux-x86_64, r-release-linux-x86_64, r-release-macos-arm64, r-release-macos-x86_64, r-release-windows-x86_64
Version: 1.5-3-1.0.4
Check: installed package size
Result: NOTE
installed size is 5.6Mb
sub-directories of 1Mb or more:
libs 4.3Mb
Flavors: r-release-macos-arm64, r-release-macos-x86_64, r-oldrel-macos-arm64, r-oldrel-macos-x86_64