CRAN Package Check Results for Package subformula

Last updated on 2024-02-22 19:55:46 CET.

Flavor Version Tinstall Tcheck Ttotal Status Flags
r-devel-linux-x86_64-debian-clang 0.1.0 NOTE
r-devel-linux-x86_64-debian-gcc 0.1.0 1.22 18.41 19.63 NOTE
r-devel-linux-x86_64-fedora-clang 0.1.0 32.52 NOTE
r-devel-linux-x86_64-fedora-gcc 0.1.0 43.64 NOTE
r-devel-windows-x86_64 0.1.0 2.00 41.00 43.00 NOTE
r-patched-linux-x86_64 0.1.0 2.09 22.95 25.04 NOTE
r-release-linux-x86_64 0.1.0 1.68 23.12 24.80 NOTE
r-release-macos-arm64 0.1.0 21.00 NOTE
r-release-macos-x86_64 0.1.0 30.00 NOTE
r-release-windows-x86_64 0.1.0 3.00 42.00 45.00 NOTE
r-oldrel-macos-arm64 0.1.0 15.00 NOTE
r-oldrel-windows-x86_64 0.1.0 3.00 45.00 48.00 NOTE

Check Details

Version: 0.1.0
Check: LazyData
Result: NOTE 'LazyData' is specified without a 'data' directory Flavors: r-devel-linux-x86_64-debian-clang, r-devel-linux-x86_64-debian-gcc, r-devel-linux-x86_64-fedora-clang, r-devel-linux-x86_64-fedora-gcc, r-devel-windows-x86_64, r-patched-linux-x86_64, r-release-linux-x86_64, r-release-macos-arm64, r-release-macos-x86_64, r-release-windows-x86_64, r-oldrel-macos-arm64, r-oldrel-windows-x86_64